 by 1150?
787
Calculate the remainder when 34326 is divided by 112.
54
Calculate the remainder when 238001 is divided by 244.
101
What is the remainder when 55553 is divided by 947?
627
Calculate the remainder when 673 is divided by 11.
2
Calculate the remainder when 2014 is divided by 380.
114
What is the remainder when 8704 is divided by 8688?
16
Calculate the remainder when 43951 is divided by 1024.
943
Calculate the remainder when 250675 is divided by 69.
67
Calculate the remainder when 12065 is divided by 431.
428
What is the remainder when 112187 is divided by 863?
860
Calculate the remainder when 34620 is divided by 11540.
0
Calculate the remainder when 6618 is divided by 201.
186
Calculate the remainder when 25313 is divided by 59.
2
Calculate the remainder when 23529 is divided by 108.
93
Calculate the remainder when 35240 is divided by 1531.
27
What is the remainder when 6422 is divided by 143?
130
What is the remainder when 24554 is divided by 571?
1
What is the remainder when 15561 is divided by 15554?
7
Calculate the remainder when 28895 is divided by 170.
165
Calculate the remainder when 41439 is divided by 2070.
39
What is the remainder when 13616 is divided by 1606?
768
Calculate the remainder when 43070 is divided by 122.
4
What is the remainder when 10094 is divided by 4?
2
Calculate the remainder when 74608 is divided by 73.
2
Calculate the remainder when 12197 is divided by 147.
143
Calculate the remainder when 114370 is divided by 108.
106
What is the remainder when 6794 is divided by 192?
74
Calculate the remainder when 58386 is divided by 231.
174
What is the remainder when 43254 is divided by 69?
60
Calculate the remainder when 14921 is divided by 59.
53
Calculate the remainder when 5218 is divided by 5069.
149
Calculate the remainder when 3376 is divided by 930.
586
What is the remainder when 72645 is divided by 1816?
5
What is the remainder when 447 is divided by 17?
5
What is the remainder when 4684 is divided by 1934?
816
Calculate the remainder when 135544 is divided by 306.
292
Calculate the remainder when 303163 is divided by 424.
3
What is the remainder when 5215 is divided by 220?
155
What is the remainder when 12049 is divided by 431?
412
What is the remainder when 585826 is divided by 80?
66
Calculate the remainder when 251422 is divided by 13229.
71
Calculate the remainder when 23192 is divided by 219.
197
What is the remainder when 1561 is divided by 324?
265
Calculate the remainder when 20338 is divided by 6711.
205
What is the remainder when 12275 is divided by 93?
92
Calculate the remainder when 8653 is divided by 238.
85
Calculate the remainder when 555901 is divided by 808.
805
What is the remainder when 13355 is divided by 827?
123
Calculate the remainder when 6649 is divided by 111.
100
Calculate the remainder when 2540 is divided by 140.
20
Calculate the remainder when 26469 is divided by 1299.
489
Calculate the remainder when 31563 is divided by 158.
121
What is the remainder when 93684 is divided by 1561?
24
What is the remainder when 532355 is divided by 66541?
27
What is the remainder when 4668 is divided by 667?
666
What is the remainder when 9363 is divided by 670?
653
What is the remainder when 2024 is divided by 245?
64
What is the remainder when 1949 is divided by 449?
153
What is the remainder when 31947 is divided by 7977?
39
Calculate the remainder when 265033 is divided by 256.
73
Calculate the remainder when 3553 is divided by 147.
25
What is the remainder when 332373 is divided by 653?
649
Calculate the remainder when 150 is divided by 141.
9
What is the remainder when 47248 is divided by 614?
584
Calculate the remainder when 10060 is divided by 594.
556
Calculate the remainder when 38059 is divided by 12.
7
What is the remainder when 3229 is divided by 3132?
97
Calculate the remainder when 1738 is divided by 403.
126
Calculate the remainder when 21730 is divided by 69.
64
What is the remainder when 16497 is divided by 16?
1
Calculate the remainder when 75514 is divided by 116.
114
Calculate the remainder when 6283 is divided by 393.
388
Calculate the remainder when 30445 is divided by 20.
5
Calculate the remainder when 2043087 is divided by 90.
87
What is the remainder when 1403 is divided by 6?
5
What is the remainder when 451945 is divided by 69?
64
What is the remainder when 1387 is divided by 683?
21
What is the remainder when 11320426 is divided by 123?
121
What is the remainder when 15584 is divided by 39?
23
Calculate the remainder when 11641 is divided by 1940.
1
What is the remainder when 4764 is divided by 472?
44
Calculate the remainder when 3624 is divided by 18.
6
Calculate the remainder when 3233 is divided by 148.
125
Calculate the remainder when 1065 is divided by 1054.
11
Calculate the remainder when 28969 is divided by 27.
25
Calculate the remainder when 111608 is divided by 58.
16
Calculate the remainder when 1866 is divided by 78.
72
Calculate the remainder when 356391 is divided by 13.
9
Calculate the remainder when 62822 is divided by 5.
2
Calculate the remainder when 1481 is divided by 442.
155
What is the remainder when 3213 is divided by 1465?
283
What is the remainder when 125603 is divided by 329?
254
What is the remainder when 10627 is divided by 10605?
22
Calculate the remainder when 966007 is divided by 33.
31
Calculate the remainder when 757878 is divided by 764.
754
Calculate the remainder when 20146 is divided by 840.
826
Calculate the remainder when 34511 is divided by 11495.
26
What is the remainder when 832782 is divided by 146?
144
Calculate the remainder when 1083 is divided by 577.
506
What is the remainder when 9072 is divided by 575?
447
Calculate the remainder when 62620 is divided by 362.
356
Calculate the remainder when 1542 is divided by 444.
210
What is the remainder when 73648 is divided by 15?
13
Calculate the remainder when 20918 is divided by 121.
106
Calculate the remainder when 14311 is divided by 510.
31
Calculate the remainder when 136202 is divided by 27235.
27
What is the remainder when 4385 is divided by 871?
30
What is the remainder when 171900 is divided by 158?
154
Calculate the remainder when 1249374 is divided by 18.
12
Calculate the remainder when 730 is divided by 100.
30
Calculate the remainder when 961 is divided by 25.
11
Calculate the remainder when 15284 is divided by 15.
14
What is the remainder when 154355 is divided by 764?
27
What is the remainder when 127975 is divided by 134?
5
Calculate the remainder when 14547 is divided by 1900.
1247
Calculate the remainder when 72628 is divided by 23.
17
What is the remainder when 229584 is divided by 1120?
1104
What is the remainder when 11448 is divided by 30?
18
Calculate the remainder when 7378 is divided by 388.
6
Calculate the remainder when 1797032 is divided by 57.
50
Calculate the remainder when 96 is divided by 32.
0
Calculate the remainder when 182 is divided by 159.
23
What is the remainder when 3498 is divided by 327?
228
What is the remainder when 2269 is divided by 11?
3
Calculate the remainder when 101864 is divided by 10.
4
What is the remainder when 4244 is divided by 16?
4
Calculate the remainder when 6336 is divided by 2108.
12
What is the remainder when 14246 is divided by 1424?
6
What is the remainder when 139241 is divided by 660?
641
What is the remainder when 57407 is divided by 660?
647
What is the remainder when 269459 is divided by 66?
47
Calculate the remainder when 2642 is divided by 48.
2
What is the remainder when 2901 is divided by 246?
195
Calculate the remainder when 68015 is divided by 12.
11
What is the remainder when 79578 is divided by 163?
34
What is the remainder when 3598 is divided by 429?
166
What is the remainder when 285049 is divided by 235?
229
Calculate the remainder when 460914 is divided by 91.
90
What is the remainder when 33311 is divided by 6662?
1
What is the remainder when 738 is divided by 219?
81
Calculate the remainder when 1285898 is divided by 1169.
1167
Calculate the remainder when 8227 is divided by 2548.
583
Calculate the remainder when 846 is divided by 336.
174
Calculate the remainder when 2425 is divided by 716.
277
Calculate the remainder when 44050 is divided by 7339.
16
What is the remainder when 67